prime factors of 3536948731?
3536948731
List the prime factors of 3365169832.
2, 37, 113, 100609
What are the prime factors of 234864957?
3, 78288319
List the prime factors of 2220656642.
2, 73, 317, 47981
List the prime factors of 168632986.
2, 84316493
List the prime factors of 89335775.
5, 3573431
List the prime factors of 173404698.
2, 3, 191, 337, 449
List the prime factors of 528181188.
2, 3, 41, 61, 17599
List the prime factors of 1156888367.
251, 1439, 3203
What are the prime factors of 1567279043?
11, 142479913
List the prime factors of 221209558.
2, 2371, 46649
What are the prime factors of 1772596851?
3, 17, 37, 939373
What are the prime factors of 278427611?
7, 11, 3615943
What are the prime factors of 555944157?
3, 61771573
List the prime factors of 33117820.
2, 5, 1655891
List the prime factors of 452799792.
2, 3, 19, 167, 991
List the prime factors of 192341988.
2, 3, 41, 151, 863
What are the prime factors of 167200335?
3, 5, 1238521
List the prime factors of 35772311.
47, 761113
What are the prime factors of 48906698?
2, 24453349
What are the prime factors of 93070221?
3, 31023407
List the prime factors of 236862008.
2, 263, 112577
What are the prime factors of 718597343?
718597343
List the prime factors of 2396512761.
3, 23, 139, 249871
What are the prime factors of 69158410?
2, 5, 6915841
What are the prime factors of 364740786?
2, 3, 6754459
List the prime factors of 113368928.
2, 3542779
What are the prime factors of 165050756?
2, 13, 17, 186709
What are the prime factors of 28139206?
2, 101, 139303
What are the prime factors of 37702525?
5, 7, 215443
List the prime factors of 3802026083.
3802026083
List the prime factors of 11187369.
3, 414347
What are the prime factors of 4508287088?
2, 109, 263, 9829
What are the prime factors of 1330793500?
2, 5, 149, 17863
What are the prime factors of 23023291?
61, 571, 661
What are the prime factors of 1270021233?
3, 13, 71, 337, 1361
List the prime factors of 86268003.
3, 28756001
What are the prime factors of 6830732954?
2, 6761, 505157
What are the prime factors of 1504003026?
2, 3, 19, 13193009
List the prime factors of 240442165.
5, 821, 58573
What are the prime factors of 150822130?
2, 5, 17, 31, 28619
List the prime factors of 1578521110.
2, 5, 223, 707857
List the prime factors of 8548154.
2, 73, 58549
What are the prime factors of 87647950?
2, 5, 13, 19, 47, 151
What are the prime factors of 842625468?
2, 3, 17, 1376839
List the prime factors of 3438004281.
3, 23, 59, 844511
List the prime factors of 849720060.
2, 3, 5, 7, 617, 1093
List the prime factors of 475370304.
2, 3, 2475887
List the prime factors of 315624237.
3, 31, 3393809
What are the prime factors of 309109249?
17, 18182897
What are the prime factors of 46653722?
2, 23326861
What are the prime factors of 1580090138?
2, 11, 223, 322073
List the prime factors of 2479053189.
3, 826351063
What are the prime factors of 52801744?
2, 23, 143483
List the prime factors of 89089529.
3191, 27919
List the prime factors of 421855581.
3, 7, 23, 873407
What are the prime factors of 737752724?
2, 227, 812503
What are the prime factors of 29949771?
3, 1249, 7993
List the prime factors of 84275596.
2, 17, 1239347
What are the prime factors of 299819212?
2, 7, 11, 973439
List the prime factors of 132865653.
3, 83, 97, 5501
List the prime factors of 35922090.
2, 3, 5, 23, 79, 659
List the prime factors of 118697572.
2, 7, 23, 149, 1237
List the prime factors of 119172993.
3, 5743, 6917
What are the prime factors of 1392468784?
2, 7, 12432757
List the prime factors of 10982699.
7, 13, 120689
What are the prime factors of 485939901?
3, 161979967
List the prime factors of 18989352.
2, 3, 23, 11467
List the prime factors of 741642908.
2, 185410727
List the prime factors of 5558855705.
5, 13, 2339, 36563
List the prime factors of 50030843.
67, 211, 3539
List the prime factors of 3697797825.
3, 5, 137, 1481
What are the prime factors of 260038496?
2, 8126203
List the prime factors of 159414034.
2, 13, 6131309
List the prime factors of 8664664776.
2, 3, 29, 43, 89, 3253
What are the prime factors of 60060589?
60060589
List the prime factors of 1394204571.
3, 31, 97, 51517
What are the prime factors of 315300000?
2, 3, 5, 1051
What are the prime factors of 21431346?
2, 3, 191, 18701
What are the prime factors of 712122658?
2, 13, 27389333
List the prime factors of 428404549.
1699, 252151
List the prime factors of 850265595.
3, 5, 18894791
What are the prime factors of 44153907?
3, 7, 2102567
What are the prime factors of 108268598?
2, 2251, 24049
What are the prime factors of 1364905720?
2, 5, 34122643
What are the prime factors of 3619240879?
3967, 912337
List the prime factors of 132042632.
2, 23, 41, 761
List the prime factors of 3996232179.
3, 211, 331, 19073
List the prime factors of 35718491.
35718491
List the prime factors of 1488780422.
2, 619, 1202569
List the prime factors of 437352220.
2, 5, 101, 317, 683
List the prime factors of 152238088.
2, 163, 116747
What are the prime factors of 269005060?
2, 5, 13450253
List the prime factors of 5794190316.
2, 3, 43, 3743017
What are the prime factors of 65826880?
2, 5, 7, 29387
What are the prime factors of 4252183894?
2, 7, 71, 4277851
List the prime factors of 161708449.
7, 19, 1215853
List the prime factors of 2401851201.
3, 31, 25826357
List the prime factors of 235234173.
3, 8563, 9157
List the prime factors of 1853579963.
347, 5341729
List the prime factors of 154140478.
2, 283, 272333
What are the prime factors of 6719940?
2, 3, 5, 37, 1009
List the prime factors of 199870424.
2, 13, 19, 101149
What are the prime factors of 279485944?
2, 67, 521429
What are the prime factors of 1176653316?
2, 3, 163, 211, 2851
List the prime factors of 46012445.
5, 9202489
What are the prime factors of 236072292?
2, 3, 103, 190997
What are the prime factors of 2853443?
2853443
What are the prime factors of 97834738?
2, 277, 176597
What are the prime factors of 53853453?
3, 1951, 3067
What are the prime factors of 799636181?
1489, 537029
What are the prime factors of 2141457681?
3, 11, 19, 3415403
List the prime factors of 116484130.
2, 5, 7, 197, 8447
List the prime factors of 2065823355.
3, 5, 19, 7248503
What are the prime factors of 189518795?
5, 191, 1039
What are the prime factors of 188012372?
2, 19, 149, 16603
What are the prime factors of 708310779?
3, 11, 139, 154417
What are the prime factors of 27525949?
11, 2502359
List the prime factors of 1353130446.
2, 3, 225521741
What are the prime factors of 701287582?
2, 79, 4438529
What are the prime factors of 434808381?
3, 7, 167, 123983
What are the prime factors of 182153852?
2, 103, 442121
List the prime factors of 190817508.
2, 3, 7, 2271637
What are the prime factors of 1684897744?
2, 17, 463, 787
What are the prime factors of 1079172555?
3, 5, 257, 279941
What are the prime factors of 282328015?
5, 6451, 8753
What are the prime factors of 852632012?
2, 213158003
What are the prime factors of 18790052?
2, 233, 20161
List the prime factors of 795963137.
17, 311, 150551
List the prime factors of 17983774.
2, 1201, 7487
List the prime factors of 38178058.
2, 19089029
List the prime factors of 86751174.
2, 3, 97, 149057
List the prime factors of 286634616.
2, 3, 11943109
List the prime factors of 112331648.
2, 11, 13, 17, 19
What are the prime factors of 6426905325?
3, 5, 19, 29, 155521
List the prime factors of 68166427.
7, 31, 53, 5927
List the prime factors of 202095615.
3, 5, 2143, 6287
What are the prime factors of 176382408?
2, 3, 29, 253423
What are the prime factors of 7789106903?
17, 31, 43, 20219
List the prime factors of 265854781.
2399, 110819
List the prime factors of 858669461.
13, 47, 1405351
What are the prime factors of 531908858?
2, 13, 20458033
List the prime factors of 44873703.
3, 7, 233, 1019
List the prime factors of 58586118.
2, 3, 641, 15233
List the prime factors of 190790993.
6763, 28211
List the prime factors of 250173989.
13, 17, 1132009
What are the prime factors of 108415668?
2, 3, 9034639
List the prime factors of 765430146.
2, 3, 13, 3271069
What are the prime factors of 13215038?
2, 41, 161159
List the prime factors of 1091967397.
593, 1841429
List the prime factors of 275769527.
11, 2279087
What are 